 k?
4
Suppose 7*s - 11*s + t = -259, 0 = 2*s - 5*t - 125. Calculate the greatest common factor of s and 195.
65
Suppose 88 = 4*i - 4*v, 3*i - i - v = 43. Let a = 1780 - 1717. What is the highest common divisor of a and i?
21
Let p = 152 + -147. What is the greatest common divisor of 35 and p?
5
Let u(o) = -o**3 - o**2 + 11*o + 2. Let a be u(-5). What is the greatest common divisor of 517 and a?
47
Let l = 565 - 562. Calculate the highest common factor of 2 and l.
1
Let m(p) = -1 - 6*p - 3 - 3*p - p**2. Let b be m(-6). Calculate the highest common factor of 98 and b.
14
Let u = -100 + 102. Calculate the highest common divisor of 2 and u.
2
Suppose 6*a + 2*a = 760. Let w = -83 + a. What is the greatest common divisor of w and 108?
12
Suppose -4*x + x - 4*x = 0. Suppose x*y + y = 6. What is the highest common divisor of 18 and y?
6
Let t(i) = -9*i + 189. Let d be t(19). What is the greatest common divisor of d and 60?
6
Let l = -159 - -309. Calculate the highest common divisor of l and 6.
6
Let h = -205 + 143. Let l = h + 114. Let k = 31 + -5. What is the greatest common divisor of k and l?
26
Let k be (-3)/(-4) - 10/(-8). Suppose -l = -11 + k. What is the highest common factor of 27 and l?
9
Suppose w - p = 88, -4*w + w + p + 264 = 0. What is the greatest common factor of 242 and w?
22
Let h = -5 - -7. Let c = h + 8. Let m = 16 - c. Calculate the greatest common divisor of m and 6.
6
Let m be (-376)/(-20) - 3/(30/(-2)). Suppose -97 = -3*w + o - 35, -4*w = o - 71. What is the highest common divisor of m and w?
19
Suppose -221*s + 231*s = 120. Calculate the highest common factor of 556 and s.
4
Let d be (-4 + 4 + -2)/((-12)/24). Let b(v) = -3*v**2 + 11*v + 9. Let j be b(d). Calculate the greatest common factor of 1 and j.
1
Let s = 2963 + 109. What is the greatest common factor of 24 and s?
24
Let u = 23 - -11. Let q(t) = 3*t - 2. Let s be q(2). Suppose s*w = u - 2. What is the greatest common divisor of w and 8?
8
Let z(t) = -3*t - 8. Let v be z(-4). Suppose 2*m - v*n = 7*m - 2, 2*m - 4*n = 12. Calculate the highest common divisor of m and 12.
2
Let a(g) = -5*g**2 - g. Let y be a(-4). Let h = -8 + 11. Let c be (y/4)/(2 - h). What is the highest common factor of 38 and c?
19
Let z = 2386 - 1369. Calculate the greatest common factor of 9 and z.
9
Let f(l) = l**3 + 7*l**2 + 5*l - 9. Let w be (-1)/((-4)/(-20) + 0). Let j be f(w). What is the highest common factor of 4 and j?
4
Let x = -45 + 47. Let o(u) = 2*u + 2. Let v be o(4). Let t = -6 + v. What is the greatest common divisor of t and x?
2
Let d = 1 - -2. Let w be d/(((-1)/9)/(-1)). What is the greatest common divisor of w and 18?
9
Let g(u) = 8*u**2 + 1. Let y be g(1). Suppose -2 + 242 = 8*w. Suppose w*i - 23*i = 21. Calculate the greatest common divisor of y and i.
3
Suppose 12*o = s - 69, -2*s - o - 41 = -6*s. Calculate the highest common factor of 594 and s.
9
Suppose 2*z - 5*d + 21 = 6, 5*d - 5 = 4*z. Calculate the greatest common divisor of z and 3.
1
Let h be -4 + 3 + -6*1. Let k be ((-10)/h)/(2/70). Calculate the highest common factor of 10 and k.
10
Let g be 11/(286/(-4)) + (-942)/(-39). What is the greatest common divisor of 9 and g?
3
Let b = 85 + -83. Suppose 0 = -b*d + 5*u + 51, -9 = -d - u - 2*u. What is the highest common divisor of d and 6?
6
Let a be -98 - 1/(1/(-1 + 2)). Suppose t + 1007 = 6*t + 2*x, -8 = 2*x. Let o = t + a. What is the greatest common divisor of o and 13?
13
Let f(s) = s + 3. Let h be f(7). Let p be (-748)/(-10) + 2/h. Let u be p*((-22)/(-6) - 3). Calculate the highest common divisor of u and 10.
10
Let t = 564 + -284. Calculate the highest common divisor of 35 and t.
35
Let c(m) = 2*m**2 - 12*m - 8. Let x(z) = -z**2 + 11*z + 8. Let r(v) = 4*c(v) + 5*x(v). Let y be r(-3). What is the highest common factor of y and 7?
7
Let o be 2/(-3) - (8 - (-142)/(-6)). Suppose -o*c = -369 + 39. What is the highest common divisor of 55 and c?
11
Let d be (-63 + 13)*9/(-15). Let t = 4 - 1. What is the greatest common divisor of t and d?
3
Let x be ((-3)/(81/(-72)))/(1/30). Calculate the greatest common divisor of x and 16.
16
Suppose -2*n - 18 = -b, 0*b = 2*b - 5*n - 38. Let v = -89 - -159. Let x = v - 28. Calculate the greatest common factor of b and x.
14
Suppose 0 = -0*j + 4*j - 8. Suppose -2*b + 2*p = -j, -p = 4*p - 10. Suppose c = b*c - 200. What is the highest common divisor of 10 and c?
10
Suppose 18 = 136*w - 135*w. Let d(a) = 297*a. Let z be d(2). Suppose -h + z = 2*h. What is the highest common divisor of w and h?
18
Suppose -2*z + 5*n + 23 = -3*z, -15 = -5*n. Let j = 47 + z. What is the greatest common divisor of 36 and j?
9
Let n be -6*(-3)/9 - 2. Let s be (-1530)/(-15)*(1 - n). Suppose 4*q - q - 116 = 4*w, 3*w - s = -3*q. What is the greatest common factor of 12 and q?
12
Suppose 103*d = 100*d + 5*a + 35, 75 = 5*d - 5*a. What is the highest common divisor of d and 44?
4
Let s be (-15 + 20/5)/1. Let j = 34 - s. Suppose 4*a = 3*r + 48, 5*r + 20 = -0*r. Calculate the greatest common divisor of j and a.
9
Let o be (-8)/(-2)*(-21)/(-14). Calculate the highest common divisor of 8 and o.
2
Suppose p - 26 + 3 = 3*h, -5*p + 43 = 9*h. Let o(r) = 35*r. Let c be o(1). What is the greatest common divisor of c and p?
7
Suppose 0 = -2*f - 6*a + a + 42, -71 = -5*f - 4*a. Let d = f + -1. Let j(g) = 2*g + 2. Let s be j(4). What is the highest common factor of s and d?
10
Let b = -524 + 276. Let k = b + 353. Calculate the greatest common factor of 15 and k.
15
Suppose 5*p + 0*h = 3*h + 531, -4*p + 3*h = -423. Suppose 3*j - 4*k + 1 - 45 = 0, 4*k = 5*j - 68. Calculate the highest common factor of j and p.
12
Suppose -18 = -p + 77. Let o = p + -85. Calculate the highest common factor of o and 110.
10
Let u = -10 - 2. Let n = -3 - u. Let d be (-6)/n*(-156)/8. Calculate the highest common factor of 91 and d.
13
Suppose -25 = -5*k, -2*v + 3*v + 5*k - 345 = 0. Calculate the greatest common factor of v and 560.
80
Let i be ((-155)/(-10))/((-10)/(-160)). What is the greatest common divisor of i and 62?
62
Let y = -10 - -10. Let n = y + -2. Let z be (2 - n) + -7 - -15. What is the greatest common divisor of z and 4?
4
Let y be (12/(-10))/(2*(-1)/10). Suppose -y*k = -3*k + 2*p - 167, -p + 276 = 5*k. Calculate the greatest common divisor of 5 and k.
5
Let f(c) = c**3 - 21*c**2 - 44*c - 10. Let a be f(23). Calculate the highest common factor of 12 and a.
12
Let t(m) be the second derivative of 19*m**4/12 + m**2/2 - 15*m. Let s be t(-1). What is the greatest common factor of 20 and s?
20
Suppose 0 = -2*u - 0*u + 16. Suppose -32 = b + 2*c - 2, -c = 2*b + 75. Let t = -16 - b. What is the greatest common factor of t and u?
8
Let m be 4 + 2 + 3 + 82. Let d = 130 - m. Let k be (-1)/1*1*-26. Calculate the highest common factor of k and d.
13
Let c = -93 + 171. Suppose -3*p = -p - c. Let o be (-53)/(-2) - (-2)/(-4). Calculate the greatest common divisor of o and p.
13
Let g be (-36830)/(-348) - 5/6. Let h be 27 + -2 + (-9 - -5). What is the highest common factor of g and h?
21
Let l = -1 + 5. Suppose -3*v + 272 = 5*z, 296 = 2*v - 4*z + 100. Let n = -66 + v. What is the highest common divisor of l and n?
4
Let f(m) = m**2 - 6*m - 5. Let t(z) = -z**2 + 5*z + 5. Let o(w) = -2*f(w) - 3*t(w). Let k be o(-2). Calculate the greatest common factor of k and 45.
5
Let r = -50 - -46. Let b be (r/8)/((-1)/180). Let l be 9/(-3)*(-2 - 3). What is the greatest common factor of b and l?
15
Suppose -5*p = 3*n - 85, -n - 93 = -4*n + 3*p. What is the highest common factor of 12 and n?
6
Let o = 31 - 11. Calculate the greatest common divisor of o and 15.
5
Suppose -2*m - 4 = -3*j + 6, 5*j = m + 19. Let o be (-2028)/(-8) + m*3/(-6). What is the highest common factor of o and 23?
23
Suppose 3*s + 4 = -5, 6 = h + s. Suppose 16*k - h = 23. Let n = -2 + 4. What is the highest common factor of n and k?
2
Suppose -4*x + 137 = -5*p, x = -4*p + 10 - 2. Let u(r) = 11*r**2 - 2*r + 2. Let s be u(2). What is the greatest common divisor of s and x?
14
Let l(k) = k**3 + k**2 + 1. Let f be l(4). Let v = -314 + 323. What is the highest common factor of f and v?
9
Suppose -a = z - 3*a - 25, 3*z = -a + 47. Let d = z + -14. Let b be d/15 - (-258)/10. What is the highest common factor of 65 and b?
13
Suppose -12*o - 31 = -67. What is the 